of 48 and d.
6
Let v = -4 + -40. Let g(b) = b**2 - b + 13. Let o be g(3). Let j = o - v. What is the greatest common factor of 7 and j?
7
Let f be 112 + 7 - (3 + -5). What is the highest common divisor of 33 and f?
11
Let i(h) = -h**3 + 3*h**2 - 2*h + 2. Let r be i(3). Let q be r + 19 + (-1)/(-1). Calculate the greatest common divisor of q and 32.
16
Let i be 1/2 - (-3)/(-6). Let x be 3*((-6)/(-9) - i). Let w be (-190)/(-12) + x/12. Calculate the highest common divisor of 2 and w.
2
Let n be 12 - (-1 - -3 - 4). Suppose -2*c + 7 = -c. Calculate the highest common divisor of c and n.
7
Suppose 3*l + 2*l - 80 = 0. Calculate the greatest common factor of 16 and l.
16
Let h = 55 + -35. Let a be (-2)/(-11) - h/(-11). Let f be (-42 + 0)/((-3)/a). Calculate the highest common factor of 70 and f.
14
Let m be 1258/(-22) + (-10)/(-55). Suppose -3*v + 770 = 191. Let l = m + v. Calculate the greatest common divisor of l and 17.
17
Suppose 3*n - 37 = 14. Let h = 20 - n. Calculate the greatest common divisor of 6 and h.
3
Let w(j) = -j**3 + 4*j**2 + 4*j + 2. Let s be w(5). Let z be (-2)/s - 44/12. Let b be 4/(z*(-3)/27). What is the highest common divisor of 108 and b?
12
Let g = 14 - 12. Let u be 179 - (g + -6)/4. What is the greatest common divisor of u and 20?
20
Let c be ((-5)/4)/(6/24). Suppose -2*r + 3*r + 5 = -4*g, -2*r + 4 = g. Let n be c + 6 - 50/g. What is the greatest common divisor of n and 65?
13
Let j = -38 - -42. Calculate the highest common factor of j and 4.
4
Let k be (-394)/(-9) - (-12)/54. What is the greatest common factor of 4 and k?
4
Let y(w) = -w**2 + 6*w + 10. Let t be y(7). Suppose 4*z + 4*d = 44, -4*d = -d - t. What is the highest common divisor of z and 25?
5
Let y = 10 + -5. Suppose 3*n - 5*l - 20 = 0, -3*l + 4*l = y. Let x = -4 + 9. Calculate the greatest common factor of x and n.
5
Suppose 122 = 5*k + 2*h + 21, 5*h = -k + 11. Calculate the greatest common divisor of 63 and k.
21
Suppose 3*m = -6, -3*d - m = -54 - 55. Let z be 2/2 + -2 + d. What is the highest common factor of z and 9?
9
Suppose 29 = 5*s - 81. Suppose -5*u + 339 = -3*y, 4*y + 276 = u + 3*u. Let t = -33 + u. What is the highest common divisor of t and s?
11
Let d(z) = 7*z - 6. Let g be d(-5). Let f = -24 - g. What is the greatest common divisor of 85 and f?
17
Let h be (-4)/(-2*3/117). Let v = h - -20. Calculate the highest common divisor of v and 14.
14
Suppose -108 - 35 = -p. Let s = -1 + 14. What is the highest common factor of s and p?
13
Suppose -3*d = -5*a - 34 + 3, 5*d + 4*a - 64 = 0. Calculate the greatest common divisor of 3 and d.
3
Let i(m) = -m**2 - 8*m + 5. Let o be i(-8). Let g(v) = 4*v + 11. Let f be g(11). Calculate the highest common divisor of f and o.
5
Suppose 9 = -3*q, -r - 7*q - 4 = -3*q. Suppose -6*y = -1670 + 170. Let d = -178 + y. Calculate the greatest common factor of r and d.
8
Let s(r) be the second derivative of 3*r - r**2 + 0 - 1/3*r**3. Let p be s(-10). What is the greatest common divisor of 9 and p?
9
Let j(t) = -t**2 - t + 4. Let s be j(-2). What is the greatest common divisor of 4 and s?
2
Let i(u) = 3*u**2 - 7*u + 1. Let a be i(7). Let r be a - (2/1 - 3). What is the highest common factor of 20 and r?
20
Let v = 9 + -3. Calculate the highest common factor of v and 42.
6
Let j = 193 + -121. Calculate the greatest common factor of j and 8.
8
Suppose 2*n - 7*n = 25. Let j be (-1)/n - (-1035)/75. Calculate the highest common factor of 126 and j.
14
Suppose -y = y + 4. Let p(f) = 2*f**2 + 5*f + 7. Let b be p(y). What is the greatest common divisor of 2 and b?
1
Let j = -1 - -5. Suppose -4*w = -j - 40. Let o(g) = 2*g**2 - 6*g + 2. Let b be o(5). What is the greatest common factor of w and b?
11
Let w be (-1)/((-6)/(-27))*-2. Let v = w + -6. Suppose -v*a = -a - 130. Calculate the highest common divisor of 13 and a.
13
Suppose 0 = -2*d - 5*m + 2*m - 7, -2*d + 3 = m. Let u be d/(-8)*4/(-1). Let y = u - -5. Calculate the greatest common divisor of y and 21.
7
Let v be 28/196 + 544/14. Let o = 28 - 15. What is the greatest common divisor of o and v?
13
Suppose 3*y - 25 = 17. Suppose -2*h + 82 = 4*a, -h - 3*a - 47 = -3*h. Let c = -10 + h. Calculate the highest common factor of c and y.
7
Let m(o) = o + 4. Let k be m(-8). Let h be (3/3 - k)*5. What is the highest common factor of 5 and h?
5
Let x be 48/10 - (-2)/10. Suppose -65 = -3*r + 5*h, x*r - 3*h - 91 = h. Let l be 1/(2/(-6) - (-156)/450). What is the greatest common divisor of r and l?
15
Suppose -3*n + f - 2*f - 21 = 0, -3*n = 3*f + 15. Let j = n - -21. Calculate the greatest common divisor of 13 and j.
13
Let c = 481 - 204. Let x = 398 - c. Let f = -26 - -37. Calculate the greatest common factor of f and x.
11
Suppose 14 + 46 = 3*w. Calculate the highest common factor of w and 140.
20
Let v(k) = 14*k - 9. Let u be v(3). What is the highest common divisor of u and 22?
11
Let f be 8/(-6) - 3/(-9). Let w be 6*2/4 - f. Let o = 41 - 29. Calculate the greatest common divisor of o and w.
4
Let x be 3/2 + 924/24. Calculate the highest common factor of x and 5.
5
Suppose 2*l - 3*l = -48. Suppose -a = r - 13, -5*a + 92 - 28 = 4*r. Calculate the greatest common divisor of l and a.
12
Let s(b) = -b**3 - b**2 + 1. Let y be s(-2). Let o(r) = -r + 3. Let c be o(-7). What is the highest common factor of y and c?
5
Let t = -93 + 107. Let u(a) = -5*a - 1. Let o be u(-3). What is the greatest common factor of o and t?
14
Suppose -5*k = -5, 2*s + 2*k - 73 = -3*k. Suppose -4*r + s = -26. Calculate the highest common divisor of 10 and r.
5
Suppose -4*m + 213 = -123. What is the greatest common divisor of m and 12?
12
Suppose 135*f = 140*f - 280. What is the highest common divisor of f and 140?
28
Let j be (-26 - 8/(-4) - 3)*-1. What is the highest common divisor of 27 and j?
27
Suppose 3*i - 8*i = -5, 4*v + i - 9 = 0. Let f(b) = 3*b**2 - 2*b. Let n be f(-2). What is the greatest common divisor of v and n?
2
Let l(k) = -5*k + 138. Let a be l(26). Let d be -1*1 + (1 - -80). Calculate the highest common divisor of d and a.
8
Suppose 6 = -2*s + 94. What is the greatest common divisor of s and 4?
4
Let l be (15 - -2)*11/11. Calculate the highest common factor of 221 and l.
17
Let n(k) = -2*k - 6. Let c be n(-8). Calculate the highest common factor of 40 and c.
10
Let o = 5 - 3. Suppose -h - 19 = 5*y, 2*y + o*y + 13 = -3*h. Let v be h*16 + -1 + 0. Calculate the greatest common divisor of v and 3.
3
Let c be 135/6 + (-21)/14. Calculate the greatest common divisor of c and 231.
21
Let t be 60/(-45) + (-310)/(-3). Let n = 152 - t. What is the greatest common factor of 20 and n?
10
Let u(r) = -r**3 - 10*r**2 + 15*r - 9. Let c(s) = s**2 + 8*s + 3. Let b be c(-5). Let j be u(b). What is the greatest common divisor of 11 and j?
11
Let l be (720/(-27))/(1/(-3)). Let a be 19 - (-3)/(6/2). What is the greatest common divisor of a and l?
20
Let b = 2 + 8. Let j = 20 - b. Suppose 8*q - 3*q = 25. What is the highest common divisor of q and j?
5
Let z(i) = -6*i - 11. Let s be z(11). Let l = s - -221. Calculate the greatest common factor of 18 and l.
18
Suppose j - 3*j = -12. Let f(t) = 9*t + 12. Let i be f(6). Calculate the greatest common factor of i and j.
6
Suppose 3*j = 4*t - 41, 3*j + 9 + 0 = 0. Let r be ((-975)/(-20))/(3/t). What is the highest common divisor of 26 and r?
26
Suppose 4*v = -0*v. Let p(k) = k**2 - k + 2. Let g be p(0). Let d be v/(0 + 1) + g. What is the highest common factor of 22 and d?
2
Suppose 427 = 5*o + 27. What is the highest common divisor of 10 and o?
10
Let f be (-528)/(-15) + (-4)/20. Suppose 4*g - l = 2*l - 96, -85 = 3*g + l. Let j be g/(-2) + 1/2. Calculate the greatest common divisor of f and j.
7
Suppose -6*r + 4*r = 2*y - 22, -y + 4*r + 11 = 0. Calculate the greatest common factor of y and 99.
11
Suppose 27 = 3*x - 0. Calculate the highest common divisor of x and 27.
9
Let y be 151/9 - 6/(-27). Calculate the greatest common divisor of y and 17.
17
Let k = -2 - -6. Let j be 0/1 + (10 - k). Calculate the greatest common factor of j and 30.
6
Let n(r) = 9*r**2 - r - 2. Let u be n(-2). Suppose -z + 8 = z. Suppose -z*t + 5 = -31. What is the greatest common divisor of t and u?
9
Let a be (2 - 2 - 1)*1. Let g be 0 - a*(5 + 0). Calculate the highest common divisor of g and 5.
5
Let s(o) 